= o**3 - 1. Let p = 0 + -1. Let j(s) = p*u(s) - d(s). What is j(4)?
-6
Let h(s) = -5*s**2 + 10*s - 7. Let v(x) = 14*x**2 - 29*x + 21. Let p(k) = 11*h(k) + 4*v(k). Determine p(7).
14
Let u(b) = b**2 - 4*b + 5. Let n(x) be the first derivative of x**2/2 - x - 1. Let j(v) = -6*n(v) - u(v). Give j(-2).
1
Let w(g) = -5*g**3. Let f(u) = -u**2 - 10*u - 11. Let x be f(-8). Suppose 0 = 4*s - 1 + x. Determine w(s).
5
Let w(n) = -n**3 + 4*n**2 + 5*n - 1. Let u be w(5). Let j(q) = 6*q**3 - q. What is j(u)?
-5
Let f be -3 - (-30)/(2 - -1). Let q(c) = 0 - 6*c**2 - 3 - 7 + c**3 - 5*c. Let n be q(f). Let j(x) = -x - 3. Calculate j(n).
-7
Let c(j) = 3*j**2 - 27*j - 11. Let p(m) = m**2 - 9*m - 4. Let o(b) = -6*c(b) + 17*p(b). Determine o(5).
18
Let f(o) = -o**3 + 7*o**2 - 6*o - 5. Let g(v) be the third derivative of -v**6/120 + 3*v**5/20 - v**4/3 + v**3 + 8*v**2. Let b be g(8). Calculate f(b).
-5
Let r be 3/(3/(-2)) + 8. Let y be (-9 - (1 - -1)) + 1. Let n = y + r. Let v(q) = -q**3 - 5*q**2 - 5*q + 1. Determine v(n).
5
Let g(o) = o**2. Suppose 0*m = 5*m + 20, -3*i - 6 = 3*m. Calculate g(i).
4
Let k(s) = -s**2 - 3*s - 3. Let g be -6 - (6 + -2 + -2). Let y be -4 - g - 2*-1. Suppose -4 = -2*x + 4*x - 5*t, 5*t + y = -3*x. Determine k(x).
-1
Let w(p) be the second derivative of p**3/3 - 4*p**2 + 11*p. Determine w(8).
8
Suppose -5*r + 21 - 4 = 2*n, 5*n - 11 = -2*r. Let u(i) = -i**2 + 2*i - 2. Determine u(r).
-5
Suppose 4 = b + c, -c - 8 + 3 = -2*b. Let v(p) = p**3 + 1 + 0*p + 2*p**2 - b*p + 0*p**2 - p. Determine v(-3).
4
Let f(i) = 2*i - i - 2*i - 9 + 0*i. Calculate f(-6).
-3
Let k(x) = -x**3 + 7*x**2 - 2*x + 1. Let j(b) = -4*b**3 + 20*b**2 - 7*b + 3. Let d(w) = -2*j(w) + 7*k(w). Give d(-9).
1
Suppose 0*k - 100 = 5*k. Let h = k + 14. Let n(d) = -3*d + 4. Let a(p) = -5*p + 7. Let v(j) = -4*a(j) + 7*n(j). Give v(h).
6
Suppose -g - 4*q + 23 = 0, 0 = 5*q - 1 - 24. Let f(a) = 4*a**2 + 6*a**3 - 1 - a**2 - 2*a - g*a**2. Give f(-1).
-5
Let y(c) = -11*c + 5. Let v(d) = 5*d - 2. Suppose j = -4*j. Let m be j + -1 + 12/(-1). Let l(i) = m*v(i) - 6*y(i). Determine l(4).
0
Let z(i) = i**2 + 2*i - 2. Let c be z(-4). Let f(w) = 5*w - w**2 + 4 - 2*w**3 - c + 0 - 4*w. What is f(-2)?
8
Let z(s) be the first derivative of -s - 2/3*s**3 - s**2 - 2. Determine z(-1).
-1
Let f(u) = -u + 3. Let y be f(3). Suppose y*m - 4*m + 4 = 0. Let a be (-2 + -2)/((-1)/m). Let k(o) = o**2 - 2*o - 2. Calculate k(a).
6
Suppose -15 = 3*l - 0*l, -4*o - 4*l = 4. Let v = o - 4. Let u(d) = 5*d**2 + 0 + d + v. Calculate u(1).
6
Let z(h) = -h - 2. Suppose 2*m = -4*m + m. Determine z(m).
-2
Let y(s) = -s**3 + 9*s**2 - s + 13. Let l be ((-2)/(16/18))/(3/(-12)). Determine y(l).
4
Let w be (-9)/15 - (-12)/(-30). Let l(n) = -9*n**2 + 2*n + 1. Give l(w).
-10
Let g(p) be the second derivative of -1/6*p**3 - 3*p - p**2 + 0. Suppose m - 5 = -m - 5*v, -4*m = v + 17. Determine g(m).
3
Let o(d) = d**3 - 4*d**2 + 5*d - 4. Let x(n) be the second derivative of n**3/6 - 3*n**2/2 - 3*n. Let t be x(6). Determine o(t).
2
Let m(x) = -x**3 - 2*x**2 + 3*x - 2. Let c(n) = 1. Let h(z) = 3*c(z) + m(z). Let y be (-2)/3 - 34/(-6). Suppose i + y*f - f = 13, -f = 3*i + 5. Determine h(i).
1
Let j(p) = 0*p**3 - 2*p + 7 - 4*p**3 + 5*p**2 + 3*p**3. Give j(5).
-3
Let h = 52 + -50. Let t(c) = c. What is t(h)?
2
Suppose 2*g + 5 = g. Let n = g - -7. Let y(t) = -3*t + 0*t**n - 3*t**2 + 4*t**2. What is y(3)?
0
Let l(h) be the third derivative of -h**4/24 + 7*h**3/6 - 19*h**2. Calculate l(7).
0
Let t be (-3 - -1)/(1/(-2)). Let m be 0/t - -1*2. Let a(c) = c**3 - c**2 - c - 2. Determine a(m).
0
Suppose 4*h = 5*t + 5 + 2, 4*t - 2*h + 2 = 0. Let j(k) be the first derivative of 0*k**2 - 2*k + 1/4*k**4 + k**3 - t. What is j(-3)?
-2
Let m(d) = 3*d**2 - 5*d + 6. Let s(r) = 1 - 5*r**2 - 1 + 8*r - 8 - 1. Let j(z) = 8*m(z) + 5*s(z). Calculate j(0).
3
Let g(r) = -2*r**3 - 4*r**2 - 2*r + 2. Suppose -c = c + 8, 0 = -5*a + c - 16. Let o = a + 6. Suppose -5*y + 5*f + 10 = 0, -5*y = -y - o*f. What is g(y)?
6
Suppose 0 = -3*o - 2*v, o - 5*o + 4*v = 0. Let z be (0 - -2) + (2 - 1). Suppose -5*j = z*s - 1 - 3, o = 5*s - 15. Let l(g) = 5*g**2 + 1. What is l(j)?
6
Let a(j) = 7*j - 15. Let p be a(3). Let u(g) = -g**3 + 6*g**2 + g - 2. Give u(p).
4
Let q = -4 - -4. Let x be q - (12/(-1))/2. Let j(m) = -7*m + 6*m**2 - m**3 - 4 + 11 + m**2. What is j(x)?
1
Let r(m) = 20*m**2 + 4 - 10*m**2 + 2*m - 11*m**2. Calculate r(-4).
-20
Suppose -s - s - 2*b = -4, -5*b + 12 = 3*s. Let o(w) = w + 1. Let i(t) = 7*t**2 - 28*t - 28. Let d(c) = -i(c) - 28*o(c). Give d(s).
-7
Let n(o) = -15*o - 9. Let d(y) = -7*y - 4. Let h(s) = 7*d(s) - 3*n(s). Let f(z) be the first derivative of z**2/2 + z - 2. Let u be f(-2). What is h(u)?
3
Let l(w) = w**3 - 4*w**2 + 2*w. Let s be 4/(-26) + (-246)/(-78). What is l(s)?
-3
Let v(c) be the first derivative of -c**2/2 + c + 1. Let z be (5/(-3))/(4/(-48)). Let k = -14 + z. Give v(k).
-5
Let t(z) = 3 + z**2 - 2*z**2 - 1 - 4*z + z**3 - 3*z**2. Suppose 15 = o - 5*q + 3*q, 3*o - 40 = 5*q. What is t(o)?
7
Suppose 3*l - 17 = -5*a, -3*a + 8*a - 19 = -l. Let f(j) = j**3 - 4*j**2 + 3*j - 5. What is f(a)?
7
Let g(l) be the third derivative of -l**8/6720 + l**7/1260 + l**5/60 - l**4/8 + 3*l**2. Let n(t) be the second derivative of g(t). Determine n(3).
-7
Let c = -5 + 4. Let l be (-2 - 1 - -4)*c. Let o(q) = 8*q**2 + q + 1. What is o(l)?
8
Let j(d) be the first derivative of -2*d**3/3 - 3*d**2 - 5*d + 2. Let o(r) = r + 9. Let w be o(-13). Give j(w).
-13
Suppose -2*x - 40 = 3*h - 3, -2 = 2*h. Let f = 17 + x. Let r(j) = -j**3 - j**2 + j - 4. Calculate r(f).
-4
Let k(a) = -a**2 - 4*a - 3. Let f be 5*(3 + -4) + 2. Give k(f).
0
Suppose 14 - 1 = -s. Let d = s + 7. Let p(o) = o**2 + 6*o - 3. Give p(d).
-3
Let n(c) = 0*c - 6*c + 3 + 0*c**2 + 0*c + c**2. Give n(4).
-5
Let p(x) = -x**2 + 5*x + 8. Let m(w) = 0*w**2 - 5*w - 2*w - w**2. Let g = -13 - -7. Let s be m(g). Calculate p(s).
2
Let a(r) = r**3 - 5*r**2 - 6*r + 7. Suppose -4*q = 2*z - 30, -4*z + 1 - 6 = -5*q. Give a(q).
-23
Let h(d) = -2*d**2 + 7*d - 6. Let f(r) = r**2 - r + 1. Let c(a) = 3*f(a) + h(a). Determine c(-5).
2
Let i = 6 - 2. Suppose -11 - 5 = -i*u. Let f(z) = -z**3 + 3*z**2 + 5*z - 6. What is f(u)?
-2
Suppose 0 = 5*v + 15 - 0. Let q(o) be the third derivative of -o**4/24 - o**3/6 + 2*o**2. Determine q(v).
2
Let k(c) = 16*c**2 + 30*c + 4. Let v(f) = -3*f**2 - 6*f - 1. Let j(b) = 2*k(b) + 11*v(b). Let x = -21 - -19. Calculate j(x).
5
Let x(a) = -a**3 + 3*a**2 + 3*a + 1. Let s be x(4). Let p = s - 2. Let v(w) = 0*w + 0 - 4 - 2*w. Give v(p).
6
Let w(d) be the second derivative of -7*d**3/6 - 11*d**2/2 - d. Let l(m) = -6*m - 10. Let q(j) = 6*l(j) - 5*w(j). Let f = 7 - 12. Determine q(f).
0
Suppose 7 + 17 = 4*x. Let g(r) = 0 - r - 2 + 0*r. Calculate g(x).
-8
Suppose -3*q = -p + 11, 0 = -p - 0*q + 5*q + 17. Let w(t) be the third derivative of 0 + t**p + 1/6*t**3 + 0*t**4 - 1/10*t**5 + 0*t. Give w(-1).
-5
Let t(j) = -j + 6. Let x(s) = 5*s - s**2 + s**3 + s**2 + 8*s**2 - 10. Let k be x(-7). What is t(k)?
2
Let z(k) = 6*k**3 - 4*k**2 - 11*k. Let r(l) = -5*l**3 + 4*l**2 + 10*l. Let h(j) = 5*r(j) + 4*z(j). Determine h(5).
5
Let f(o) be the third derivative of -o**4/24 + 4*o**3/3 - 13*o**2. Calculate f(6).
2
Let q(c) be the third derivative of -c**6/120 - c**5/20 + c**4/8 - c**3/3 - c**2. Let t be (-8)/(-2) - (-1 + (-9 - -17)). Calculate q(t).
-11
Let i(k) = -k**3 + 3*k**2 + 5*k + 2. Let l(y) be the first derivative of -2*y**2 + 6. Let x be (-2)/(-10) - (-12)/(-10). Let u be l(x). Give i(u).
6
Let s(c) = -2*c**3 - 2*c**2 + 2*c + 2. Let t(q) = 2*q**2 + 2*q**2 + 2*q + q**2. Let o be t(-2). Suppose 4*p = -0*g - 2*g - o, -5*g - p - 13 = 0. Give s(g).
6
Let v(u) = 3*u + 8. Let q be v(-6). Let x = 7 + q. Let h(k) = -k**2 - k + 4. Let p be h(x). Let t(l) = 3*l**2 + 2*l - 2. Give t(p).
6
Let z = -1 + 7. Let s(l) = l + 5. Give s(z).
11
Let o(y) = 0*y + 0 - 1 + 7*y. Determine o(2).
13
Let f(r) = -5*r + 1. Let k(d) = 4*d - 2. Let x(u) = 3*f(u) + 4*k(u). Calculate x(10).
5
Let m(w) = w**3 + 7*w**2 + 7*w. Let y be 36/60 + (1 - 76/10). Give m(y).
-6
Let t(d) = -d**2 - 8*d - 10. Let x(p) = -p**2 - 8*p - 9. Let i(b) = 3*t(b) - 4*x(b). Give i(-5).
-9
Let s be (-1 - 7)*13/26. Suppose 0 = -3*z + z + 6. Let i(y) = z - 3 - y. Calculate i(s).
4
Let 